hat is -b (base 15) in base 7?
-14
Convert -2122 (base 5) to base 2.
-100011111
What is 0 (base 16) in base 13?
0
10 (base 3) to base 15
3
-1 (base 7) to base 15
-1
d (base 16) to base 14
d
-6 (base 12) to base 15
-6
What is -1a (base 16) in base 3?
-222
Convert 6 (base 12) to base 7.
6
Convert -6 (base 15) to base 6.
-10
Convert -3 (base 14) to base 4.
-3
What is -2 (base 15) in base 14?
-2
110 (base 2) to base 14
6
3 (base 4) to base 9
3
-22 (base 4) to base 5
-20
Convert -2010 (base 4) to base 11.
-110
Convert -5 (base 12) to base 2.
-101
3 (base 9) to base 4
3
What is 7 (base 13) in base 9?
7
Convert 0 (base 9) to base 2.
0
What is 1021 (base 3) in base 6?
54
20 (base 4) to base 10
8
What is -2 (base 3) in base 13?
-2
What is -1c (base 15) in base 8?
-33
Convert -119 (base 11) to base 3.
-12020
What is -11 (base 2) in base 16?
-3
Convert -3 (base 13) to base 7.
-3
56 (base 9) to base 7
102
Convert 431 (base 6) to base 7.
322
What is 112 (base 7) in base 11?
53
-21 (base 5) to base 3
-102
11 (base 5) to base 6
10
4 (base 13) to base 14
4
What is 77 (base 10) in base 6?
205
What is -7 (base 10) in base 5?
-12
-84 (base 9) to base 13
-5b
-71 (base 10) to base 9
-78
Convert -4 (base 12) to base 14.
-4
10a (base 12) to base 9
181
Convert -3 (base 5) to base 2.
-11
What is 3 (base 4) in base 15?
3
What is -1 (base 15) in base 10?
-1
What is 100110 (base 2) in base 3?
1102
Convert -7a (base 11) to base 7.
-153
-2b (base 14) to base 8
-47
Convert 2 (base 6) to base 11.
2
c (base 13) to base 11
11
12 (base 4) to base 14
6
Convert 2 (base 16) to base 4.
2
Convert -2211 (base 4) to base 2.
-10100101
0 (base 6) to base 15
0
Convert -4c (base 16) to base 12.
-64
Convert 5 (base 11) to base 5.
10
-3 (base 13) to base 16
-3
2 (base 9) to base 3
2
Convert 3 (base 16) to base 9.
3
Convert c (base 16) to base 4.
30
What is 132 (base 8) in base 7?
156
What is 5 (base 9) in base 6?
5
Convert 37 (base 12) to base 16.
2b
Convert 11000 (base 3) to base 2.
1101100
What is 0 (base 14) in base 13?
0
What is 0 (base 3) in base 12?
0
-5 (base 9) to base 6
-5
-1 (base 7) to base 6
-1
Convert 4 (base 13) to base 12.
4
What is -48 (base 12) in base 11?
-51
7 (base 8) to base 3
21
Convert -17 (base 9) to base 15.
-11
9 (base 11) to base 6
13
7 (base 13) to base 4
13
Convert 6 (base 13) to base 6.
10
What is -1 (base 8) in base 10?
-1
What is -38 (base 12) in base 15?
-2e
60 (base 9) to base 12
46
33 (base 15) to base 13
39
1 (base 15) to base 16
1
What is 3 (base 6) in base 2?
11
15 (base 12) to base 15
12
What is -100010100 (base 2) in base 4?
-10110
23 (base 4) to base 9
12
Convert 137 (base 16) to base 9.
375
Convert 1012 (base 4) to base 8.
106
0 (base 6) to base 16
0
What is -1a (base 11) in base 8?
-25
-354 (base 6) to base 13
-ac
What is 33 (base 5) in base 12?
16
Convert 101 (base 2) to base 6.
5
-7 (base 14) to base 9
-7
Convert -1 (base 16) to base 7.
-1
Convert -8 (base 15) to base 10.
-8
What is 11 (base 16) in base 5?
32
29 (base 10) to base 3
1002
Convert -101 (base 11) to base 4.
-1322
Convert 12020 (base 3) to base 5.
1031
-11 (base 11) to base 10
-12
Convert -44 (base 14) to base 11.
-55
-10 (base 9) to base 10
-9
-15 (base 16) to base 15
-16
What is 0 (base 15) in base 3?
0
Convert -20 (base 3) to base 6.
-10
Convert 102 (base 3) to base 16.
b
148 (base 9) to base 10
125
59 (base 11) to base 5
224
Convert -5 (base 8) to base 7.
-5
What is 4 (base 11) in base 2?
100
What is 5 (base 12) in base 14?
5
5 (base 12) to base 5
10
-143 (base 7) to base 9
-88
What is 4 (base 6) in base 16?
4
Convert 10111010 (base 2) to base 11.
15a
What is 56 (base 9) in base 14?
39
-122 (base 3) to base 12
-15
What is 5 (base 7) in base 2?
101
2 (base 7) to base 10
2
d1 (base 14) to base 16
b7
What is 5 (base 14) in base 10?
5
What is -1 (base 7) in base 5?
-1
What is 3 (base 9) in base 2?
11
9 (base 15) to base 6
13
What is 4c (base 14) in base 4?
1010
Convert 5 (base 16) to base 3.
12
-11010001 (base 2) to base 16
-d1
What is -104 (base 7) in base 15?
-38
Convert -10 (base 3) to base 15.
-3
Convert 16 (base 13) to base 15.
14
What is -11110 (base 2) in base 4?
-132
Convert 10 (base 8) to base 14.
8
Convert 3 (base 7) to base 10.
3
What is 38 (base 9) in base 16?
23
0 (base 8) to base 15
0
What is -100 (base 2) in base 15?
-4
What is 2b (base 13) in base 7?
52
What is 1 (base 8) in base 3?
1
What is 5b (base 12) in base 8?
107
2 (base 7) to base 8
2
-230 (base 10) to base 5
-1410
What is 2 (base 16) in base 2?
10
Convert -32 (base 5) to base 7.
-23
What is 4 (base 13) in base 4?
10
Convert -31 (base 12) to base 2.
-100101
What is -21 (base 3) in base 7?
-10
What is -1 (base 8) in base 11?
-1
21 (base 12) to base 7
34
Convert -6 (base 13) to base 8.
-6
Convert 28 (base 16) to base 15.
2a
Convert -320 (base 5) to base 6.
-221
3 (base 11) to base 3
10
Convert -10 (base 4) to base 3.
-11
Convert 2 (base 4) to base 8.
2
What is -1f (base 16) in base 9?
-34
-1022 (base 5) to base 11
-115
24 (base 8) to base 11
19
Convert 2 (base 7) to base 12.
2
Convert 27 (base 8) to base 7.
32
Convert -28 (base 13) to base 2.
-100010
Convert -2 (base 13) to base 12.
-2
What is -37 (base 13) in base 11?
-42
What is -5 (base 14) in base 9?
-5
-8 (base 9) to base 7
-11
What is -53 (base 7) in base 11?
-35
What is 9 (base 11) in base 15?
9
What is -7 (base 9) in base 4?
-13
What is -6 (base 10) in base 3?
-20
What is -11 (base 2) in base 5?
-3
What is -36 (base 14) in base 12?
-40
What is -65 (base 7) in base 3?
-1202
-3 (base 10) to base 13
-3
What is 9c (base 15) in base 6?
403
10 (base 6) to base 8
6
Convert 202 (base 4) to base 5.
114
What is 1132 (base 5) in base 8?
247
182 (base 9) to base 10
155
What is -11 (base 2) in base 10?
-3
What is -434 (base 5) in base 8?
-167
What is 0 (base 14) in base 3?
0
What is -20 (base 6) in base 4?
-30
What is -20 (base 3) in base 6?
-10
1010 (base 2) to base 13
a
Convert 62 (base 13) to base 12.
68
333 (base 5) to base 6
233
Convert -2 (base 4) to base 14.
-2
58 (base 12) to base 2
1000100
Convert -38 (base 10) to base 2.
-100110
Convert 101012 (base 3) to base 10.
275
Convert 311 (base 4) to base 2.
110101
242 (base 7) to base 5
1003
Convert 244 (base 6) to base 9.
121
Convert 0 (base 6) to base 2.
0
Convert -20 (base 4) to base 14.
-8
Convert 246 (base 9) to base 5.
1304
1 (base 4) to base 12
1
What is 1 (base 14) in base 13?
1
What is -20 (base 9) in base 15?
-13
Convert 3022 (base 5) to base 12.
283
What is -223 (base 8) in base 10?
-147
What is 0 (base 16) in base 4?
0
1 (base 7) to base 11
1
-11 (base 8) to base 16
-9
Convert -112 (base 4) to base 10.
-22
What is 0 (base 2) in base 4?
0
What is 60 (base 11) in base 9?
73
Convert 28 (base 10) to base 3.
1001
What is 138 (base 10) in base 11?
116
What is 234 (base 6) in base 9?
114
What is 1020 (base 5) in base 14?
99
Convert 61 (base 7) to base 11.
3a
What is 79 (base 10) in base 14?
59
Convert -224 (base 8) to base 15.
-9d
Convert b8 (base 13) to base 5.
1101
6 (base 16) to base 6
10
-100 (base 9) to base 3
-10000
What is -28 (base 13) in base 11?
-31
Convert -17 (base 14) to base 4.
-111
What is 11 (base 10) in base 5?
21
What is -343 (base 6) in base 12?
-b3
Convert 7 (base 12) to base 15.
7
Convert -21 (base 5) to base 3.
-102
What is 0 (base 2) in base 8?
0
Convert 22202 (base 3) to base 9.
282
Convert -20201 (base 3) to base 13.
-10c
Convert 1 (base 7) to base 8.
1
What is -2 (base 8) in base 6?
-2
1 (base 9) to base 16
1
What is -434 (base 5) in base 3?
-11102
Convert 9 (base 13) to base 8.
11
Convert -164 (base 8) to base 13.
-8c
5 (base 13) to base 12
5
Convert -20 (base 7) to base 14.
-10
What is -2 (base 5) in base 12?
-2
Convert 49 (base 12) to base 2.
111001
-1221 (base 5) to base 13
-114
Convert 122 (base 3) to base 12.
15
What is 1e (base 16) in base 11?
28
Convert -1 (base 6) to base 3.
-1
What is 7 (base 12) in base 3?
21
Convert 4 (base 6) to base 5.
4
Convert -102 (base 3) to base 11.
-10
Convert 52 (base 10) to base 3.
1221
What is 50 (base 11) in base 10?
55
Convert 211 (base 3) to base 4.
112
-3 (base 14) to base 6
-3
1 (base 15) to base 14
1
-28 (base 9) to base 10
-26
-2 (base 9) to base 5
-2
What is 0 (base 4) in base 7?
0
15 (base 7) to base 9
13
Convert -2 (base 8) to base